{"id":1244,"date":"2018-05-11T16:45:46","date_gmt":"2018-05-11T14:45:46","guid":{"rendered":"http:\/\/www.avocat-benefice.fr\/?page_id=1244"},"modified":"2018-05-11T19:33:01","modified_gmt":"2018-05-11T17:33:01","slug":"tarifications","status":"publish","type":"page","link":"https:\/\/www.avocat-benefice.fr\/index.php\/tarifications\/","title":{"rendered":"Honoraires"},"content":{"rendered":"[et_pb_section fb_built=&#8221;1&#8243; admin_label=&#8221;Page Title Section&#8221; _builder_version=&#8221;3.1.1&#8243; background_color_gradient_direction=&#8221;115deg&#8221; background_image=&#8221;http:\/\/www.avocat-benefice.fr\/wp-content\/uploads\/2018\/05\/bureau-avocat.jpg&#8221; custom_padding=&#8221;306px||0|&#8221;][et_pb_row use_custom_width=&#8221;on&#8221; custom_width_px=&#8221;1026px&#8221; custom_padding=&#8221;27px|44px||10%&#8221; custom_margin=&#8221;|||0px&#8221; padding_1_tablet=&#8221;|||10%&#8221; padding_1_last_edited=&#8221;off|desktop&#8221; _builder_version=&#8221;3.1.1&#8243; background_color=&#8221;#383e59&#8243; background_size=&#8221;initial&#8221; background_position=&#8221;top_left&#8221; background_repeat=&#8221;repeat&#8221; border_radii=&#8221;||6px|6px|&#8221; box_shadow_style=&#8221;preset3&#8243; box_shadow_vertical=&#8221;35px&#8221; box_shadow_blur=&#8221;70px&#8221; box_shadow_spread=&#8221;-35px&#8221; box_shadow_color=&#8221;rgba(0,0,0,0.6)&#8221; animation_style=&#8221;slide&#8221; animation_direction=&#8221;left&#8221; animation_intensity_slide=&#8221;2%&#8221;][et_pb_column type=&#8221;4_4&#8243; _builder_version=&#8221;3.0.47&#8243; padding_tablet=&#8221;|||10%&#8221; padding_last_edited=&#8221;off|desktop&#8221; parallax=&#8221;off&#8221; parallax_method=&#8221;on&#8221;][et_pb_text admin_label=&#8221;Title&#8221; _builder_version=&#8221;3.1.1&#8243; text_font=&#8221;||||||||&#8221; header_font=&#8221;Abhaya Libre|700|||||||&#8221; header_font_size=&#8221;70px&#8221; header_font_size_tablet=&#8221;40px&#8221; header_font_size_last_edited=&#8221;on|tablet&#8221; header_line_height=&#8221;1.2em&#8221; header_4_font=&#8221;||||||||&#8221; background_layout=&#8221;dark&#8221; custom_margin=&#8221;|||&#8221; custom_padding=&#8221;|||&#8221;]\n<h1 style=\"text-align: left;\">Principes de facturation<\/h1>\n[\/et_pb_text][\/et_pb_column][\/et_pb_row][\/et_pb_section][et_pb_section fb_built=&#8221;1&#8243; admin_label=&#8221;Events Section&#8221; _builder_version=&#8221;3.0.106&#8243; background_image=&#8221;http:\/\/www.avocat-benefice.fr\/wp-content\/uploads\/2018\/05\/paper.jpg&#8221; custom_padding=&#8221;70px||70px|&#8221;][et_pb_row custom_padding=&#8221;90px||0|&#8221; _builder_version=&#8221;3.0.106&#8243; border_width_bottom=&#8221;1px&#8221; border_color_bottom=&#8221;rgba(0,0,0,0.12)&#8221;][et_pb_column type=&#8221;4_4&#8243; _builder_version=&#8221;3.0.47&#8243; parallax=&#8221;off&#8221; parallax_method=&#8221;on&#8221;][et_pb_text _builder_version=&#8221;3.1.1&#8243; text_font=&#8221;||||||||&#8221; text_font_size=&#8221;16px&#8221; text_line_height=&#8221;1.8em&#8221; header_font=&#8221;||||||||&#8221; header_3_font=&#8221;Abhaya Libre|700|||||||&#8221; header_3_font_size=&#8221;24px&#8221; header_3_line_height=&#8221;1.4em&#8221; custom_margin=&#8221;||0px|&#8221; animation_style=&#8221;slide&#8221; animation_direction=&#8221;left&#8221; animation_intensity_slide=&#8221;5%&#8221; animation_starting_opacity=&#8221;100%&#8221;]\n<h3><strong>Le cabinet propose diff\u00e9rents modes de facturation en fonction de vos besoins et des contraintes de l&#8217;affaire.<\/strong><\/h3>\n[\/et_pb_text][\/et_pb_column][\/et_pb_row][et_pb_row custom_padding=&#8221;90px||90px|&#8221; _builder_version=&#8221;3.0.106&#8243; border_width_bottom=&#8221;1px&#8221; border_color_bottom=&#8221;rgba(0,0,0,0.12)&#8221;][et_pb_column type=&#8221;4_4&#8243; _builder_version=&#8221;3.0.47&#8243; parallax=&#8221;off&#8221; parallax_method=&#8221;on&#8221;][et_pb_text _builder_version=&#8221;3.1.1&#8243; text_font=&#8221;||||||||&#8221; text_font_size=&#8221;16px&#8221; text_line_height=&#8221;1.8em&#8221; header_font=&#8221;||||||||&#8221; header_3_font=&#8221;Abhaya Libre|700|||||||&#8221; header_3_font_size=&#8221;24px&#8221; header_3_line_height=&#8221;1.4em&#8221; custom_margin=&#8221;||0px|&#8221; animation_style=&#8221;slide&#8221; animation_direction=&#8221;left&#8221; animation_intensity_slide=&#8221;5%&#8221; animation_starting_opacity=&#8221;100%&#8221;]\n<h3>Facturation au taux horaire :<\/h3>\n<p>Lorsqu&#8217;il n&#8217;est pas possible d&#8217;\u00e9tablir un devis forfaitaire, c&#8217;est-\u00e0-dire dans les affaires o\u00f9 le temps n\u00e9cessaire pour effectuer les consultations ou les actes de proc\u00e9dure n&#8217;est pas pr\u00e9visible, une facturation au temps pass\u00e9 sera utilis\u00e9e en fonction du tarif horaire pratiqu\u00e9 par le cabinet.<\/p>\n<p>La taux pratiqu\u00e9 est de 200\u20ac hors taxes et hors frais.<\/p>\n<p>Il correspond \u00e0 l&#8217;analyse du dossier, au temps de r\u00e9flexion, \u00e0 l&#8217;\u00e9laboration de la strat\u00e9gie, \u00e0 la r\u00e9daction des actes, aux entretiens avec le client en rendez-vous ou par tout moyen de communication utilis\u00e9.<\/p>\n[\/et_pb_text][\/et_pb_column][\/et_pb_row][et_pb_row custom_padding=&#8221;90px||90px|&#8221; _builder_version=&#8221;3.0.106&#8243; border_width_bottom=&#8221;1px&#8221; border_color_bottom=&#8221;rgba(0,0,0,0.12)&#8221;][et_pb_column type=&#8221;4_4&#8243; _builder_version=&#8221;3.0.47&#8243; parallax=&#8221;off&#8221; parallax_method=&#8221;on&#8221;][et_pb_text _builder_version=&#8221;3.1.1&#8243; text_font=&#8221;||||||||&#8221; text_font_size=&#8221;16px&#8221; text_line_height=&#8221;1.8em&#8221; header_font=&#8221;||||||||&#8221; header_3_font=&#8221;Abhaya Libre|700|||||||&#8221; header_3_font_size=&#8221;24px&#8221; header_3_line_height=&#8221;1.4em&#8221; custom_margin=&#8221;||0px|&#8221; animation_style=&#8221;slide&#8221; animation_direction=&#8221;left&#8221; animation_intensity_slide=&#8221;5%&#8221; animation_starting_opacity=&#8221;100%&#8221;]\n<h3>Facturation forfaitis\u00e9e :<\/h3>\n<p>Lors de l&#8217;ouverture du dossier, il est pr\u00e9vu un temps forfaitis\u00e9 pour chaque \u00e9tape des consultations ou actes de proc\u00e9dure. Les prestations sont factur\u00e9es au fur et \u00e0 mesure de l&#8217;\u00e9tat d&#8217;avancement de l&#8217;affaire et font l&#8217;objet d&#8217;une demande de provisions.<\/p>\n<p>Dans certains cas, une partie de la facturation des hoaraires peut \u00eatre li\u00e9e \u00e0 l&#8217;aboutissement de proc\u00e9dure ou \u00e0 l&#8217;obtention d&#8217;une indmenisation. Dans cette hypoth\u00e8se, un horaire de r\u00e9sultat forfaitis\u00e9 sera factur\u00e9.<\/p>\n<p>Dans tous les cas, la facturation fera l&#8217;objet d&#8217;une convention d&#8217;honoraires sign\u00e9e par l&#8217;avocat et le client.<\/p>\n[\/et_pb_text][\/et_pb_column][\/et_pb_row][et_pb_row custom_padding=&#8221;90px||89px|&#8221; _builder_version=&#8221;3.0.106&#8243; border_width_bottom=&#8221;1px&#8221; border_color_bottom=&#8221;rgba(0,0,0,0.12)&#8221;][et_pb_column type=&#8221;4_4&#8243; _builder_version=&#8221;3.0.47&#8243; parallax=&#8221;off&#8221; parallax_method=&#8221;on&#8221;][et_pb_text _builder_version=&#8221;3.1.1&#8243; text_font=&#8221;||||||||&#8221; text_font_size=&#8221;16px&#8221; text_line_height=&#8221;1.8em&#8221; header_font=&#8221;||||||||&#8221; header_3_font=&#8221;Abhaya Libre|700|||||||&#8221; header_3_font_size=&#8221;24px&#8221; header_3_line_height=&#8221;1.4em&#8221; custom_margin=&#8221;||0px|&#8221; animation_style=&#8221;slide&#8221; animation_direction=&#8221;left&#8221; animation_intensity_slide=&#8221;5%&#8221; animation_starting_opacity=&#8221;100%&#8221;]\n<h3>Abonnements\u00a0<\/h3>\n<p>Nos interventions peuvent faire l&#8217;objet de conventions d&#8217;honoraires mensualis\u00e9es ou annualis\u00e9es permettant d&#8217;assurer au quotidien une disponibilit\u00e9 sur des probl\u00e8matiques juridiques et\/ou sur la pr\u00e9vention de contentieux.<\/p>\n[\/et_pb_text][\/et_pb_column][\/et_pb_row][et_pb_row custom_padding=&#8221;90px||90px|&#8221; _builder_version=&#8221;3.0.106&#8243; border_width_bottom=&#8221;1px&#8221; border_color_bottom=&#8221;rgba(0,0,0,0.12)&#8221;][et_pb_column type=&#8221;4_4&#8243; _builder_version=&#8221;3.0.47&#8243; parallax=&#8221;off&#8221; parallax_method=&#8221;on&#8221;][et_pb_text _builder_version=&#8221;3.1.1&#8243; text_font=&#8221;||||||||&#8221; text_font_size=&#8221;16px&#8221; text_line_height=&#8221;1.8em&#8221; header_font=&#8221;||||||||&#8221; header_3_font=&#8221;Abhaya Libre|700|||||||&#8221; header_3_font_size=&#8221;24px&#8221; header_3_line_height=&#8221;1.4em&#8221; custom_margin=&#8221;||0px|&#8221; animation_style=&#8221;slide&#8221; animation_direction=&#8221;left&#8221; animation_intensity_slide=&#8221;5%&#8221; animation_starting_opacity=&#8221;100%&#8221;]\n<h3>Cas particuliers : l&#8217;aide juridictionnelle<\/h3>\n<p>La cabinet se r\u00e9serve le droit de ne pas accepter l&#8217;aide juridictionnelle pour le traitement de certaines affaires.<\/p>\n[\/et_pb_text][\/et_pb_column][\/et_pb_row][\/et_pb_section]\n","protected":false},"excerpt":{"rendered":"<p>[et_pb_section fb_built=&#8221;1&#8243; admin_label=&#8221;Page Title Section&#8221; _builder_version=&#8221;3.1.1&#8243; background_color_gradient_direction=&#8221;115deg&#8221; background_image=&#8221;http:\/\/www.avocat-benefice.fr\/wp-content\/uploads\/2018\/05\/bureau-avocat.jpg&#8221; custom_padding=&#8221;306px||0|&#8221;][et_pb_row use_custom_width=&#8221;on&#8221; custom_width_px=&#8221;1026px&#8221; custom_padding=&#8221;27px|44px||10%&#8221; custom_margin=&#8221;|||0px&#8221; padding_1_tablet=&#8221;|||10%&#8221; padding_1_last_edited=&#8221;off|desktop&#8221; _builder_version=&#8221;3.1.1&#8243; background_color=&#8221;#383e59&#8243; background_size=&#8221;initial&#8221; background_position=&#8221;top_left&#8221; background_repeat=&#8221;repeat&#8221; border_radii=&#8221;||6px|6px|&#8221; box_shadow_style=&#8221;preset3&#8243; box_shadow_vertical=&#8221;35px&#8221; box_shadow_blur=&#8221;70px&#8221; box_shadow_spread=&#8221;-35px&#8221; box_shadow_color=&#8221;rgba(0,0,0,0.6)&#8221; animation_style=&#8221;slide&#8221; animation_direction=&#8221;left&#8221; animation_intensity_slide=&#8221;2%&#8221;][et_pb_column type=&#8221;4_4&#8243; _builder_version=&#8221;3.0.47&#8243; padding_tablet=&#8221;|||10%&#8221; padding_last_edited=&#8221;off|desktop&#8221; parallax=&#8221;off&#8221; parallax_method=&#8221;on&#8221;][et_pb_text admin_label=&#8221;Title&#8221; _builder_version=&#8221;3.1.1&#8243; text_font=&#8221;||||||||&#8221; header_font=&#8221;Abhaya Libre|700|||||||&#8221; header_font_size=&#8221;70px&#8221; header_font_size_tablet=&#8221;40px&#8221; header_font_size_last_edited=&#8221;on|tablet&#8221; header_line_height=&#8221;1.2em&#8221; header_4_font=&#8221;||||||||&#8221; background_layout=&#8221;dark&#8221; custom_margin=&#8221;|||&#8221; custom_padding=&#8221;|||&#8221;] Principes de facturation [\/et_pb_text][\/et_pb_column][\/et_pb_row][\/et_pb_section][et_pb_section fb_built=&#8221;1&#8243; admin_label=&#8221;Events Section&#8221; [&hellip;]<\/p>\n","protected":false},"author":1,"featured_media":0,"parent":0,"menu_order":0,"comment_status":"closed","ping_status":"closed","template":"","meta":[],"_links":{"self":[{"href":"https:\/\/www.avocat-benefice.fr\/index.php\/wp-json\/wp\/v2\/pages\/1244"}],"collection":[{"href":"https:\/\/www.avocat-benefice.fr\/index.php\/wp-json\/wp\/v2\/pages"}],"about":[{"href":"https:\/\/www.avocat-benefice.fr\/index.php\/wp-json\/wp\/v2\/types\/page"}],"author":[{"embeddable":true,"href":"https:\/\/www.avocat-benefice.fr\/index.php\/wp-json\/wp\/v2\/users\/1"}],"replies":[{"embeddable":true,"href":"https:\/\/www.avocat-benefice.fr\/index.php\/wp-json\/wp\/v2\/comments?post=1244"}],"version-history":[{"count":14,"href":"https:\/\/www.avocat-benefice.fr\/index.php\/wp-json\/wp\/v2\/pages\/1244\/revisions"}],"predecessor-version":[{"id":1277,"href":"https:\/\/www.avocat-benefice.fr\/index.php\/wp-json\/wp\/v2\/pages\/1244\/revisions\/1277"}],"wp:attachment":[{"href":"https:\/\/www.avocat-benefice.fr\/index.php\/wp-json\/wp\/v2\/media?parent=1244"}],"curies":[{"name":"wp","href":"https:\/\/api.w.org\/{rel}","templated":true}]}}